the highest common divisor of 3401 and 138009.
179
Calculate the greatest common divisor of 15 and 14856.
3
What is the greatest common divisor of 792 and 319?
11
Calculate the highest common divisor of 869 and 24211.
11
What is the greatest common factor of 17850568 and 8?
8
Calculate the greatest common factor of 9 and 28521.
9
What is the greatest common factor of 61064 and 119?
17
Calculate the highest common factor of 1200 and 456600.
600
Calculate the greatest common factor of 54 and 291222.
54
Calculate the greatest common factor of 20 and 683615.
5
What is the highest common factor of 5900 and 36108?
236
Calculate the highest common factor of 3842 and 23902.
34
Calculate the highest common divisor of 47590 and 16.
2
Calculate the greatest common factor of 26268 and 11.
11
Calculate the greatest common divisor of 810942 and 66.
66
What is the highest common divisor of 177 and 182487?
177
What is the greatest common factor of 11682 and 767?
59
Calculate the highest common factor of 406 and 2002.
14
What is the highest common divisor of 91665 and 1134?
189
What is the highest common factor of 5 and 163220?
5
Calculate the greatest common factor of 807 and 840087.
807
What is the highest common factor of 125030 and 220?
10
What is the greatest common factor of 36 and 676?
4
What is the highest common factor of 704 and 2200?
88
What is the greatest common factor of 88528 and 374?
22
Calculate the highest common factor of 30 and 5470.
10
What is the highest common divisor of 5170 and 658?
94
What is the greatest common factor of 290 and 80214?
58
What is the highest common divisor of 91641 and 132?
33
Calculate the highest common factor of 32201 and 910.
13
Calculate the greatest common factor of 560 and 307160.
280
What is the greatest common divisor of 60774 and 126?
42
Calculate the greatest common factor of 560 and 1513456.
112
What is the highest common factor of 143 and 3291860?
143
What is the highest common factor of 30 and 2112?
6
What is the highest common divisor of 9 and 8396118?
9
Calculate the greatest common divisor of 2544 and 45368.
424
Calculate the highest common factor of 9066 and 8.
2
Calculate the highest common divisor of 3204 and 50908.
356
What is the highest common divisor of 378294 and 42?
42
Calculate the greatest common divisor of 4949 and 12625.
101
What is the greatest common divisor of 3232 and 148268?
404
What is the highest common factor of 680 and 22168?
136
What is the greatest common factor of 71876 and 476?
476
What is the greatest common factor of 380 and 1700?
20
What is the greatest common divisor of 49168 and 4816?
112
What is the highest common factor of 28258 and 1846?
142
Calculate the highest common factor of 6303 and 74490.
573
Calculate the highest common factor of 167 and 1817795.
167
What is the highest common factor of 11 and 88?
11
Calculate the greatest common factor of 961 and 1147.
31
Calculate the highest common divisor of 163 and 1185988.
163
What is the highest common factor of 61 and 550281?
61
Calculate the greatest common divisor of 272 and 2465544.
136
Calculate the greatest common divisor of 253 and 497283.
23
What is the highest common factor of 152 and 384?
8
Calculate the highest common factor of 3791435 and 46.
23
What is the highest common factor of 15 and 80043?
3
Calculate the highest common factor of 2390562 and 18.
18
Calculate the highest common divisor of 1869440 and 16.
16
What is the greatest common factor of 12404 and 868?
28
Calculate the highest common divisor of 26 and 35555.
13
Calculate the greatest common divisor of 21384 and 11313.
27
Calculate the greatest common divisor of 14942 and 16554.
62
What is the highest common factor of 211 and 506189?
211
What is the highest common divisor of 29865 and 165?
165
What is the highest common divisor of 14589736 and 56?
56
Calculate the greatest common factor of 398 and 199398.
398
Calculate the greatest common factor of 505883 and 7.
7
Calculate the highest common divisor of 18792 and 6032.
232
Calculate the greatest common factor of 5456 and 592.
16
What is the highest common factor of 1043 and 151?
1
Calculate the greatest common divisor of 78220 and 310.
10
Calculate the greatest common divisor of 378 and 212868.
54
Calculate the highest common divisor of 4338 and 80494.
482
What is the greatest common divisor of 136794 and 12?
6
What is the highest common divisor of 88 and 568?
8
What is the highest common divisor of 391 and 4094161?
391
What is the highest common divisor of 158946 and 2478?
354
What is the highest common factor of 1797300 and 9?
9
Calculate the highest common factor of 236054 and 26.
26
What is the highest common factor of 4623 and 303510?
201
Calculate the greatest common factor of 142310 and 350.
70
Calculate the highest common factor of 91758 and 5658.
246
Calculate the highest common factor of 2151 and 225.
9
What is the highest common factor of 67193 and 12586?
203
What is the greatest common divisor of 187 and 9962?
17
Calculate the highest common divisor of 49729 and 1561.
223
What is the greatest common divisor of 152 and 319884?
76
Calculate the highest common factor of 6 and 75090.
6
Calculate the highest common divisor of 1656 and 12558.
138
Calculate the highest common factor of 42 and 75978.
42
What is the highest common factor of 310 and 389143?
31
What is the greatest common factor of 48569 and 68?
17
Calculate the greatest common factor of 990 and 17730.
90
What is the greatest common factor of 30745 and 5203?
473
Calculate the greatest common divisor of 40229 and 294.
49
Calculate the greatest common factor of 96 and 138016.
32
Calculate the highest common factor of 1963484 and 1096.
548
Calculate the greatest common divisor of 66 and 453.
3
Calculate the highest common factor of 14041 and 266.
19
What is the highest common divisor of 2197 and 845?
169
What is the highest common factor of 1178 and 1938399?
589
Calculate the highest common divisor of 1125 and 4625.
125
What is the highest common factor of 7062 and 32421?
321
What is the highest common factor of 402781 and 102?
17
Calculate the highest common divisor of 1098 and 1161.
9
Calculate the greatest common divisor of 124746 and 204.
102
Calculate the greatest common divisor of 414 and 26.
2
Calculate the highest common divisor of 529040 and 29564.
1556
What is the greatest common factor of 1345 and 1945?
5
Calculate the highest common divisor of 76112 and 63248.
1072
Calculate the greatest common divisor of 8 and 6340.
4
What is the highest common divisor of 1216 and 2624?
64
What is the greatest common factor of 203255 and 455?
65
Calculate the highest common factor of 14 and 16814.
14
What is the highest common divisor of 2 and 281667?
1
What is the highest common factor of 816 and 5880?
24
Calculate the highest common divisor of 106827 and 21.
21
What is the greatest common factor of 464 and 31088?
464
What is the highest common factor of 480958 and 4?
2
Calculate the greatest common divisor of 79696 and 170.
34
What is the highest common divisor of 10246 and 101588?
218
What is the greatest common factor of 2687481 and 69?
69
Calculate the greatest common factor of 782 and 29410.
34
Calculate the highest common divisor of 1860 and 150540.
60
What is the greatest common factor of 2610 and 1798?
58
Calculate the greatest common divisor of 2197 and 95147.
169
What is the highest common divisor of 1386 and 11550?
462
Calculate the greatest common divisor of 264291 and 444.
111
What is the greatest common divisor of 1312 and 4469?
41
Calculate the greatest common factor of 84 and 95604.
12
What is the highest common divisor of 14473 and 2009?
41
What is the highest common factor of 50064 and 5628?
84
What is the highest common factor of 405336 and 64?
8
Calculate the greatest common divisor of 36 and 1787868.
36
What is the highest common factor of 88 and 2372568?
88
What is the highest common factor of 340 and 2210?
170
What is the highest common divisor of 293588 and 589?
19
What is the highest common factor of 340 and 87312?
68
What is the greatest common factor of 6051 and 33?
3
Calculate the greatest common divisor of 2486451 and 132.
33
Calculate the greatest common factor of 3818 and 16790.
46
Calculate the gre